{"id":948,"date":"2022-12-04T22:27:00","date_gmt":"2022-12-04T22:27:00","guid":{"rendered":"https:\/\/slotcar.hu\/?page_id=948"},"modified":"2023-11-22T19:18:36","modified_gmt":"2023-11-22T19:18:36","slug":"kerektarcsak-tengelyek","status":"publish","type":"page","link":"https:\/\/slotcar.hu\/index.php\/kerektarcsak-tengelyek\/","title":{"rendered":"Ker\u00e9kt\u00e1rcs\u00e1k, tengelyek"},"content":{"rendered":"\n<figure class=\"wp-block-table aligncenter\"><table><tbody><tr><td><img loading=\"lazy\" decoding=\"async\" width=\"700\" height=\"244\" class=\"wp-image-991\" style=\"width: 700px;\" src=\"https:\/\/slotcar.hu\/wp-content\/uploads\/2022\/12\/tn_slotit-kk17-kit-inline-for-carrera-dtm-z26-crown-173x82mm-wheels.jpg\" alt=\"\" srcset=\"https:\/\/slotcar.hu\/wp-content\/uploads\/2022\/12\/tn_slotit-kk17-kit-inline-for-carrera-dtm-z26-crown-173x82mm-wheels.jpg 859w, https:\/\/slotcar.hu\/wp-content\/uploads\/2022\/12\/tn_slotit-kk17-kit-inline-for-carrera-dtm-z26-crown-173x82mm-wheels-300x105.jpg 300w, https:\/\/slotcar.hu\/wp-content\/uploads\/2022\/12\/tn_slotit-kk17-kit-inline-for-carrera-dtm-z26-crown-173x82mm-wheels-768x268.jpg 768w\" sizes=\"(max-width: 700px) 100vw, 700px\" \/><\/td><\/tr><\/tbody><\/table><\/figure>\n","protected":false},"excerpt":{"rendered":"","protected":false},"author":1,"featured_media":0,"parent":0,"menu_order":0,"comment_status":"closed","ping_status":"closed","template":"","meta":{"footnotes":""},"class_list":["post-948","page","type-page","status-publish","hentry"],"_links":{"self":[{"href":"https:\/\/slotcar.hu\/index.php\/wp-json\/wp\/v2\/pages\/948"}],"collection":[{"href":"https:\/\/slotcar.hu\/index.php\/wp-json\/wp\/v2\/pages"}],"about":[{"href":"https:\/\/slotcar.hu\/index.php\/wp-json\/wp\/v2\/types\/page"}],"author":[{"embeddable":true,"href":"https:\/\/slotcar.hu\/index.php\/wp-json\/wp\/v2\/users\/1"}],"replies":[{"embeddable":true,"href":"https:\/\/slotcar.hu\/index.php\/wp-json\/wp\/v2\/comments?post=948"}],"version-history":[{"count":3,"href":"https:\/\/slotcar.hu\/index.php\/wp-json\/wp\/v2\/pages\/948\/revisions"}],"predecessor-version":[{"id":1281,"href":"https:\/\/slotcar.hu\/index.php\/wp-json\/wp\/v2\/pages\/948\/revisions\/1281"}],"wp:attachment":[{"href":"https:\/\/slotcar.hu\/index.php\/wp-json\/wp\/v2\/media?parent=948"}],"curies":[{"name":"wp","href":"https:\/\/api.w.org\/{rel}","templated":true}]}}