{"id":715,"date":"2022-11-02T19:39:12","date_gmt":"2022-11-02T19:39:12","guid":{"rendered":"https:\/\/slotcar.hu\/?page_id=715"},"modified":"2022-11-02T19:39:13","modified_gmt":"2022-11-02T19:39:13","slug":"30364-jobb-kanyar-savvaltoval-belulrol-kivulre","status":"publish","type":"page","link":"https:\/\/slotcar.hu\/index.php\/30364-jobb-kanyar-savvaltoval-belulrol-kivulre\/","title":{"rendered":"30364 Jobb kanyar s\u00e1vv\u00e1lt\u00f3val,\u00a0bel\u00fclr\u0151l k\u00edv\u00fclre"},"content":{"rendered":"\n<figure class=\"wp-block-image size-large\"><img decoding=\"async\" src=\"https:\/\/slotcar.hu\/wp-content\/uploads\/2022\/11\/carrera-digital-30364-lane-change-right-curve-in-to-out-1024x527.jpg\" alt=\"\" class=\"wp-image-716\"\/><\/figure>\n\n\n\n<p>Jobb oldali, k\u00fcls\u0151 \u00edv\u0171 kanyarban el\u0151z\u00e9s elem Carrera\u00a0Digital 132 szettekhez. <\/p>\n\n\n\n<p>Speci\u00e1lis elem, ami\u00a0lehet\u0151v\u00e9 teszi az egyir\u00e1ny\u00fa s\u00e1vv\u00e1lt\u00e1st.\u00a0 A man\u0151ver a t\u00e1vir\u00e1ny\u00edt\u00f3 el\u00fcls\u0151 gombj\u00e1val v\u00e9gezhet\u0151 el, mely \u00e1tkapcsolja a v\u00e1lt\u00f3t. <\/p>\n\n\n\n<p>Az elem nagy el\u0151nye, hogy ha\u00a0lassabb aut\u00f3 m\u00f6g\u00f6tt haladunk, \u00e1tmehet\u00fcnk a m\u00e1sik s\u00e1vba, majd k\u00e9s\u0151bb, visszat\u00e9rve az eredeti s\u00e1vunkba m\u00e1r a lassabb aut\u00f3 el\u0151tt lesz\u00fcnk. <\/p>\n\n\n\n<p>A csomagol\u00e1s egy elemet tartalmaz, mely\u00a0k\u00e9t r\u00e9szb\u0151l \u00e1ll \u00f6ssze.<\/p>\n","protected":false},"excerpt":{"rendered":"<p>Jobb oldali, k\u00fcls\u0151 \u00edv\u0171 kanyarban el\u0151z\u00e9s elem Carrera\u00a0Digital 132 szettekhez. Speci\u00e1lis elem, ami\u00a0lehet\u0151v\u00e9 teszi az&#8230;<\/p>\n","protected":false},"author":1,"featured_media":0,"parent":0,"menu_order":0,"comment_status":"closed","ping_status":"closed","template":"","meta":{"footnotes":""},"class_list":["post-715","page","type-page","status-publish","hentry"],"_links":{"self":[{"href":"https:\/\/slotcar.hu\/index.php\/wp-json\/wp\/v2\/pages\/715"}],"collection":[{"href":"https:\/\/slotcar.hu\/index.php\/wp-json\/wp\/v2\/pages"}],"about":[{"href":"https:\/\/slotcar.hu\/index.php\/wp-json\/wp\/v2\/types\/page"}],"author":[{"embeddable":true,"href":"https:\/\/slotcar.hu\/index.php\/wp-json\/wp\/v2\/users\/1"}],"replies":[{"embeddable":true,"href":"https:\/\/slotcar.hu\/index.php\/wp-json\/wp\/v2\/comments?post=715"}],"version-history":[{"count":1,"href":"https:\/\/slotcar.hu\/index.php\/wp-json\/wp\/v2\/pages\/715\/revisions"}],"predecessor-version":[{"id":717,"href":"https:\/\/slotcar.hu\/index.php\/wp-json\/wp\/v2\/pages\/715\/revisions\/717"}],"wp:attachment":[{"href":"https:\/\/slotcar.hu\/index.php\/wp-json\/wp\/v2\/media?parent=715"}],"curies":[{"name":"wp","href":"https:\/\/api.w.org\/{rel}","templated":true}]}}