{"id":711,"date":"2022-11-02T19:31:45","date_gmt":"2022-11-02T19:31:45","guid":{"rendered":"https:\/\/slotcar.hu\/?page_id=711"},"modified":"2022-11-02T19:31:46","modified_gmt":"2022-11-02T19:31:46","slug":"30340-sebessegszabalyzo","status":"publish","type":"page","link":"https:\/\/slotcar.hu\/index.php\/30340-sebessegszabalyzo\/","title":{"rendered":"30340\u00a0Sebess\u00e9gszab\u00e1lyz\u00f3"},"content":{"rendered":"\n<figure class=\"wp-block-image size-full\"><img decoding=\"async\" src=\"https:\/\/slotcar.hu\/wp-content\/uploads\/2022\/11\/carrera-digital-30340-speed-controller.jpg\" alt=\"\" class=\"wp-image-712\"\/><\/figure>\n\n\n\n<ul class=\"wp-block-list\"><li>Vezet\u00e9kes t\u00e1vir\u00e1ny\u00edt\u00f3\u00a0Carrera\u00a0Digital 132 szettekhez. <\/li><li>A t\u00e1vir\u00e1ny\u00edt\u00f3 fel van szerelve v\u00e1lt\u00f3 gombbal, mely lehet\u0151v\u00e9 teszi az\u00a0el\u0151z\u00e9st egyenes szakaszon \u00e9s kanyarban is.<\/li><li>Boxba val\u00f3 ki\u00e1ll\u00e1shoz is alkalmazhat\u00f3.<\/li><\/ul>\n","protected":false},"excerpt":{"rendered":"<p>Vezet\u00e9kes t\u00e1vir\u00e1ny\u00edt\u00f3\u00a0Carrera\u00a0Digital 132 szettekhez. A t\u00e1vir\u00e1ny\u00edt\u00f3 fel van szerelve v\u00e1lt\u00f3 gombbal, mely lehet\u0151v\u00e9 teszi az\u00a0el\u0151z\u00e9st&#8230;<\/p>\n","protected":false},"author":1,"featured_media":0,"parent":0,"menu_order":0,"comment_status":"closed","ping_status":"closed","template":"","meta":{"footnotes":""},"class_list":["post-711","page","type-page","status-publish","hentry"],"_links":{"self":[{"href":"https:\/\/slotcar.hu\/index.php\/wp-json\/wp\/v2\/pages\/711"}],"collection":[{"href":"https:\/\/slotcar.hu\/index.php\/wp-json\/wp\/v2\/pages"}],"about":[{"href":"https:\/\/slotcar.hu\/index.php\/wp-json\/wp\/v2\/types\/page"}],"author":[{"embeddable":true,"href":"https:\/\/slotcar.hu\/index.php\/wp-json\/wp\/v2\/users\/1"}],"replies":[{"embeddable":true,"href":"https:\/\/slotcar.hu\/index.php\/wp-json\/wp\/v2\/comments?post=711"}],"version-history":[{"count":1,"href":"https:\/\/slotcar.hu\/index.php\/wp-json\/wp\/v2\/pages\/711\/revisions"}],"predecessor-version":[{"id":713,"href":"https:\/\/slotcar.hu\/index.php\/wp-json\/wp\/v2\/pages\/711\/revisions\/713"}],"wp:attachment":[{"href":"https:\/\/slotcar.hu\/index.php\/wp-json\/wp\/v2\/media?parent=711"}],"curies":[{"name":"wp","href":"https:\/\/api.w.org\/{rel}","templated":true}]}}