{"id":5499,"date":"2026-01-01T11:42:28","date_gmt":"2026-01-01T11:42:28","guid":{"rendered":"https:\/\/slotcar.hu\/?page_id=5499"},"modified":"2026-03-28T19:21:05","modified_gmt":"2026-03-28T19:21:05","slug":"2026-best-lap","status":"publish","type":"page","link":"https:\/\/slotcar.hu\/index.php\/2026-best-lap\/","title":{"rendered":"2026. Best Lap"},"content":{"rendered":"\n<p class=\"has-large-font-size\"><strong><mark style=\"background-color:#ffffff\" class=\"has-inline-color\">P\u00c1LYAREKORD<\/mark><\/strong><\/p>\n\n\n\n<figure class=\"wp-block-table\"><table class=\"has-fixed-layout\"><tbody><tr><td class=\"has-text-align-center\" data-align=\"center\"><strong><em>MAGOR<\/em><\/strong><\/td><td class=\"has-text-align-center\" data-align=\"center\"><img loading=\"lazy\" decoding=\"async\" width=\"150\" height=\"101\" class=\"wp-image-1492\" style=\"width: 150px;\" src=\"https:\/\/slotcar.hu\/wp-content\/uploads\/2024\/01\/31020.jpg\" alt=\"\" srcset=\"https:\/\/slotcar.hu\/wp-content\/uploads\/2024\/01\/31020.jpg 953w, https:\/\/slotcar.hu\/wp-content\/uploads\/2024\/01\/31020-300x203.jpg 300w, https:\/\/slotcar.hu\/wp-content\/uploads\/2024\/01\/31020-768x519.jpg 768w\" sizes=\"(max-width: 150px) 100vw, 150px\" \/><\/td><td class=\"has-text-align-center\" data-align=\"center\"><strong><em>6,815<\/em><\/strong><\/td><td class=\"has-text-align-center\" data-align=\"center\"><strong>2026.03.28.<\/strong><\/td><\/tr><\/tbody><\/table><\/figure>\n\n\n\n<p><strong><mark><mark style=\"background-color:#ffffff\" class=\"has-inline-color\">Versenyszezon alatti erdem\u00e9nyek<\/mark><\/mark><\/strong><\/p>\n\n\n\n<figure class=\"wp-block-table\"><table class=\"has-fixed-layout\"><tbody><tr><td class=\"has-text-align-center\" data-align=\"center\"><strong>Helyez\u00e9s<\/strong><\/td><td class=\"has-text-align-center\" data-align=\"center\"><strong>Aut\u00f3<\/strong><\/td><td class=\"has-text-align-center\" data-align=\"center\"><strong>BestLap<\/strong><\/td><td class=\"has-text-align-center\" data-align=\"center\"><strong>Pil\u00f3ta<\/strong><\/td><td class=\"has-text-align-center\" data-align=\"center\"><strong>D\u00e1tum<\/strong><\/td><\/tr><tr><td class=\"has-text-align-center\" data-align=\"center\"><strong>1.<\/strong><\/td><td class=\"has-text-align-center\" data-align=\"center\"><img loading=\"lazy\" decoding=\"async\" width=\"150\" height=\"101\" class=\"wp-image-1492\" style=\"width: 150px;\" src=\"https:\/\/slotcar.hu\/wp-content\/uploads\/2024\/01\/31020.jpg\" alt=\"\" srcset=\"https:\/\/slotcar.hu\/wp-content\/uploads\/2024\/01\/31020.jpg 953w, https:\/\/slotcar.hu\/wp-content\/uploads\/2024\/01\/31020-300x203.jpg 300w, https:\/\/slotcar.hu\/wp-content\/uploads\/2024\/01\/31020-768x519.jpg 768w\" sizes=\"(max-width: 150px) 100vw, 150px\" \/><\/td><td class=\"has-text-align-center\" data-align=\"center\"><strong><em>6,815<\/em><\/strong><\/td><td class=\"has-text-align-center\" data-align=\"center\"><strong>Magor<\/strong><\/td><td class=\"has-text-align-center\" data-align=\"center\"><strong>2026.03.28.<\/strong><\/td><\/tr><tr><td class=\"has-text-align-center\" data-align=\"center\"><strong>2.<\/strong><\/td><td class=\"has-text-align-center\" data-align=\"center\"><img loading=\"lazy\" decoding=\"async\" width=\"150\" height=\"85\" class=\"wp-image-4329\" style=\"width: 150px;\" src=\"https:\/\/slotcar.hu\/wp-content\/uploads\/2025\/03\/carrera-evolution-27742-porsche-911-rsr-proton-competition-no93.png\" alt=\"\" srcset=\"https:\/\/slotcar.hu\/wp-content\/uploads\/2025\/03\/carrera-evolution-27742-porsche-911-rsr-proton-competition-no93.png 1204w, https:\/\/slotcar.hu\/wp-content\/uploads\/2025\/03\/carrera-evolution-27742-porsche-911-rsr-proton-competition-no93-300x171.png 300w, https:\/\/slotcar.hu\/wp-content\/uploads\/2025\/03\/carrera-evolution-27742-porsche-911-rsr-proton-competition-no93-1024x583.png 1024w, https:\/\/slotcar.hu\/wp-content\/uploads\/2025\/03\/carrera-evolution-27742-porsche-911-rsr-proton-competition-no93-768x438.png 768w\" sizes=\"(max-width: 150px) 100vw, 150px\" \/><\/td><td class=\"has-text-align-center\" data-align=\"center\"><strong><em>6,959<\/em><\/strong><\/td><td class=\"has-text-align-center\" data-align=\"center\"><strong>Hunor<\/strong><\/td><td class=\"has-text-align-center\" data-align=\"center\"><strong>2026.02.07.<\/strong><\/td><\/tr><tr><td class=\"has-text-align-center\" data-align=\"center\"><strong>3.<\/strong><\/td><td class=\"has-text-align-center\" data-align=\"center\"><img loading=\"lazy\" decoding=\"async\" width=\"150\" height=\"101\" class=\"wp-image-1492\" style=\"width: 150px;\" src=\"https:\/\/slotcar.hu\/wp-content\/uploads\/2024\/01\/31020.jpg\" alt=\"\" srcset=\"https:\/\/slotcar.hu\/wp-content\/uploads\/2024\/01\/31020.jpg 953w, https:\/\/slotcar.hu\/wp-content\/uploads\/2024\/01\/31020-300x203.jpg 300w, https:\/\/slotcar.hu\/wp-content\/uploads\/2024\/01\/31020-768x519.jpg 768w\" sizes=\"(max-width: 150px) 100vw, 150px\" \/><\/td><td class=\"has-text-align-center\" data-align=\"center\"><strong><em>7,070<\/em><\/strong><\/td><td class=\"has-text-align-center\" data-align=\"center\"><strong>Magor<\/strong><\/td><td class=\"has-text-align-center\" data-align=\"center\"><strong>2026.02.14.<\/strong><\/td><\/tr><tr><td class=\"has-text-align-center\" data-align=\"center\"><strong>4.<\/strong><\/td><td class=\"has-text-align-center\" data-align=\"center\"><img loading=\"lazy\" decoding=\"async\" width=\"150\" height=\"90\" class=\"wp-image-4690\" style=\"width: 150px;\" src=\"https:\/\/slotcar.hu\/wp-content\/uploads\/2025\/09\/tn_32077.jpg\" alt=\"\" srcset=\"https:\/\/slotcar.hu\/wp-content\/uploads\/2025\/09\/tn_32077.jpg 940w, https:\/\/slotcar.hu\/wp-content\/uploads\/2025\/09\/tn_32077-300x180.jpg 300w, https:\/\/slotcar.hu\/wp-content\/uploads\/2025\/09\/tn_32077-768x461.jpg 768w\" sizes=\"(max-width: 150px) 100vw, 150px\" \/><\/td><td class=\"has-text-align-center\" data-align=\"center\"><strong><em>7,071<\/em><\/strong><\/td><td class=\"has-text-align-center\" data-align=\"center\"><strong>Bule<\/strong><\/td><td class=\"has-text-align-center\" data-align=\"center\"><strong>2026.01.31.<\/strong><\/td><\/tr><tr><td class=\"has-text-align-center\" data-align=\"center\"><strong>5.<\/strong><\/td><td class=\"has-text-align-center\" data-align=\"center\"><img loading=\"lazy\" decoding=\"async\" width=\"150\" height=\"94\" class=\"wp-image-4330\" style=\"width: 150px;\" src=\"https:\/\/slotcar.hu\/wp-content\/uploads\/2025\/03\/27607.png\" alt=\"\" srcset=\"https:\/\/slotcar.hu\/wp-content\/uploads\/2025\/03\/27607.png 425w, https:\/\/slotcar.hu\/wp-content\/uploads\/2025\/03\/27607-300x188.png 300w, https:\/\/slotcar.hu\/wp-content\/uploads\/2025\/03\/27607-400x250.png 400w\" sizes=\"(max-width: 150px) 100vw, 150px\" \/><\/td><td class=\"has-text-align-center\" data-align=\"center\"><strong><em>7,263<\/em><\/strong><\/td><td class=\"has-text-align-center\" data-align=\"center\"><strong>Kopi<\/strong><\/td><td class=\"has-text-align-center\" data-align=\"center\"><strong>2026.01.31.<\/strong><\/td><\/tr><tr><td class=\"has-text-align-center\" data-align=\"center\"><strong>6.<\/strong><\/td><td class=\"has-text-align-center\" data-align=\"center\"><img loading=\"lazy\" decoding=\"async\" width=\"150\" height=\"95\" class=\"wp-image-5563\" style=\"width: 150px;\" src=\"https:\/\/slotcar.hu\/wp-content\/uploads\/2026\/02\/27804.png\" alt=\"\" srcset=\"https:\/\/slotcar.hu\/wp-content\/uploads\/2026\/02\/27804.png 1072w, https:\/\/slotcar.hu\/wp-content\/uploads\/2026\/02\/27804-300x191.png 300w, https:\/\/slotcar.hu\/wp-content\/uploads\/2026\/02\/27804-1024x651.png 1024w, https:\/\/slotcar.hu\/wp-content\/uploads\/2026\/02\/27804-768x489.png 768w, https:\/\/slotcar.hu\/wp-content\/uploads\/2026\/02\/27804-800x500.png 800w, https:\/\/slotcar.hu\/wp-content\/uploads\/2026\/02\/27804-540x340.png 540w, https:\/\/slotcar.hu\/wp-content\/uploads\/2026\/02\/27804-400x250.png 400w\" sizes=\"(max-width: 150px) 100vw, 150px\" \/><\/td><td class=\"has-text-align-center\" data-align=\"center\"><strong><em>7,278<\/em><\/strong><\/td><td class=\"has-text-align-center\" data-align=\"center\"><strong>Ateg<\/strong><\/td><td class=\"has-text-align-center\" data-align=\"center\"><strong>2026.02.07.<\/strong><\/td><\/tr><tr><td class=\"has-text-align-center\" data-align=\"center\"><strong>7.<\/strong><\/td><td class=\"has-text-align-center\" data-align=\"center\"><img loading=\"lazy\" decoding=\"async\" width=\"150\" height=\"92\" class=\"wp-image-4298\" style=\"width: 150px;\" src=\"https:\/\/slotcar.hu\/wp-content\/uploads\/2025\/03\/tn_31077BMW_M6.png\" alt=\"\"><\/td><td class=\"has-text-align-center\" data-align=\"center\"><strong><em>7,423<\/em><\/strong><\/td><td class=\"has-text-align-center\" data-align=\"center\"><strong>H\u00f6ri<\/strong><\/td><td class=\"has-text-align-center\" data-align=\"center\"><strong>2026.01.31.<\/strong><\/td><\/tr><tr><td class=\"has-text-align-center\" data-align=\"center\"><strong>8.<\/strong><\/td><td class=\"has-text-align-center\" data-align=\"center\"><img loading=\"lazy\" decoding=\"async\" width=\"150\" height=\"97\" class=\"wp-image-4292\" style=\"width: 150px;\" src=\"https:\/\/slotcar.hu\/wp-content\/uploads\/2025\/03\/20030880_Fahrzeug_HIGH_960x619.png\" alt=\"\" srcset=\"https:\/\/slotcar.hu\/wp-content\/uploads\/2025\/03\/20030880_Fahrzeug_HIGH_960x619.png 960w, https:\/\/slotcar.hu\/wp-content\/uploads\/2025\/03\/20030880_Fahrzeug_HIGH_960x619-300x193.png 300w, https:\/\/slotcar.hu\/wp-content\/uploads\/2025\/03\/20030880_Fahrzeug_HIGH_960x619-768x495.png 768w\" sizes=\"(max-width: 150px) 100vw, 150px\" \/><\/td><td class=\"has-text-align-center\" data-align=\"center\"><strong><em>8,222<\/em><\/strong><\/td><td class=\"has-text-align-center\" data-align=\"center\">M\u00e1rk<\/td><td class=\"has-text-align-center\" data-align=\"center\"><strong>2026.02.07.<\/strong><\/td><\/tr><tr><td class=\"has-text-align-center\" data-align=\"center\"><strong>9.<\/strong><\/td><td class=\"has-text-align-center\" data-align=\"center\"><img loading=\"lazy\" decoding=\"async\" width=\"150\" height=\"102\" class=\"wp-image-877\" style=\"width: 150px;\" src=\"https:\/\/slotcar.hu\/wp-content\/uploads\/2022\/12\/30871_BMW-M6-GT3.jpg\" alt=\"\" srcset=\"https:\/\/slotcar.hu\/wp-content\/uploads\/2022\/12\/30871_BMW-M6-GT3.jpg 1052w, https:\/\/slotcar.hu\/wp-content\/uploads\/2022\/12\/30871_BMW-M6-GT3-300x204.jpg 300w, https:\/\/slotcar.hu\/wp-content\/uploads\/2022\/12\/30871_BMW-M6-GT3-1024x696.jpg 1024w, https:\/\/slotcar.hu\/wp-content\/uploads\/2022\/12\/30871_BMW-M6-GT3-768x522.jpg 768w\" sizes=\"(max-width: 150px) 100vw, 150px\" \/><\/td><td class=\"has-text-align-center\" data-align=\"center\"><strong><em>8,655<\/em><\/strong><\/td><td class=\"has-text-align-center\" data-align=\"center\"><strong>Dominik<\/strong><\/td><td class=\"has-text-align-center\" data-align=\"center\"><strong>2026.01.31.<\/strong><\/td><\/tr><tr><td class=\"has-text-align-center\" data-align=\"center\"><strong>10.<\/strong><\/td><td class=\"has-text-align-center\" data-align=\"center\"><img loading=\"lazy\" decoding=\"async\" width=\"150\" height=\"92\" class=\"wp-image-5203\" style=\"width: 150px;\" src=\"https:\/\/slotcar.hu\/wp-content\/uploads\/2025\/11\/converted-4.jpeg\" alt=\"\" srcset=\"https:\/\/slotcar.hu\/wp-content\/uploads\/2025\/11\/converted-4.jpeg 500w, https:\/\/slotcar.hu\/wp-content\/uploads\/2025\/11\/converted-4-300x183.jpeg 300w\" sizes=\"(max-width: 150px) 100vw, 150px\" \/><\/td><td class=\"has-text-align-center\" data-align=\"center\"><strong><em>8,958<\/em><\/strong><\/td><td class=\"has-text-align-center\" data-align=\"center\"><strong>Sanyi<\/strong><\/td><td class=\"has-text-align-center\" data-align=\"center\"><strong>2026.02.07.<\/strong><\/td><\/tr><\/tbody><\/table><\/figure>\n\n\n\n<p><strong><mark><mark style=\"background-color:#ffffff\" class=\"has-inline-color\">FunGame eredm\u00e9nyek<\/mark><\/mark><\/strong><\/p>\n\n\n\n<figure class=\"wp-block-table\"><table class=\"has-fixed-layout\"><tbody><tr><td class=\"has-text-align-center\" data-align=\"center\"><strong>Helyez\u00e9s<\/strong><\/td><td class=\"has-text-align-center\" data-align=\"center\"><strong>Aut\u00f3<\/strong><\/td><td class=\"has-text-align-center\" data-align=\"center\"><strong>BestLap<\/strong><\/td><td class=\"has-text-align-center\" data-align=\"center\"><strong>Pil\u00f3ta<\/strong><\/td><td class=\"has-text-align-center\" data-align=\"center\"><strong>D\u00e1tum<\/strong><\/td><\/tr><tr><td class=\"has-text-align-center\" data-align=\"center\"><strong>1.<\/strong><\/td><td class=\"has-text-align-center\" data-align=\"center\"><\/td><td class=\"has-text-align-center\" data-align=\"center\"><\/td><td class=\"has-text-align-center\" data-align=\"center\"><\/td><td class=\"has-text-align-center\" data-align=\"center\"><\/td><\/tr><tr><td class=\"has-text-align-center\" data-align=\"center\"><strong>2.<\/strong><\/td><td class=\"has-text-align-center\" data-align=\"center\"><\/td><td class=\"has-text-align-center\" data-align=\"center\"><\/td><td class=\"has-text-align-center\" data-align=\"center\"><\/td><td class=\"has-text-align-center\" data-align=\"center\"><\/td><\/tr><tr><td class=\"has-text-align-center\" data-align=\"center\"><strong>3.<\/strong><\/td><td class=\"has-text-align-center\" data-align=\"center\"><\/td><td class=\"has-text-align-center\" data-align=\"center\"><\/td><td class=\"has-text-align-center\" data-align=\"center\"><\/td><td class=\"has-text-align-center\" data-align=\"center\"><\/td><\/tr><\/tbody><\/table><\/figure>\n\n\n\n<p><strong>Forma 1 eredm\u00e9nyek<\/strong><\/p>\n\n\n\n<figure class=\"wp-block-table\"><table class=\"has-fixed-layout\"><tbody><tr><td class=\"has-text-align-center\" data-align=\"center\"><strong>Helyez\u00e9s<\/strong><\/td><td class=\"has-text-align-center\" data-align=\"center\"><strong>Aut\u00f3<\/strong><\/td><td class=\"has-text-align-center\" data-align=\"center\"><strong>BestLap<\/strong><\/td><td class=\"has-text-align-center\" data-align=\"center\"><strong>Pil\u00f3ta<\/strong><\/td><td class=\"has-text-align-center\" data-align=\"center\"><strong>D\u00e1tum<\/strong><\/td><\/tr><tr><td class=\"has-text-align-center\" data-align=\"center\"><strong>1.<\/strong><\/td><td class=\"has-text-align-center\" data-align=\"center\"><\/td><td class=\"has-text-align-center\" data-align=\"center\"><\/td><td class=\"has-text-align-center\" data-align=\"center\"><\/td><td class=\"has-text-align-center\" data-align=\"center\"><\/td><\/tr><tr><td class=\"has-text-align-center\" data-align=\"center\"><strong>2.<\/strong><\/td><td class=\"has-text-align-center\" data-align=\"center\"><\/td><td class=\"has-text-align-center\" data-align=\"center\"><\/td><td class=\"has-text-align-center\" data-align=\"center\"><\/td><td class=\"has-text-align-center\" data-align=\"center\"><\/td><\/tr><tr><td class=\"has-text-align-center\" data-align=\"center\"><strong>3.<\/strong><\/td><td class=\"has-text-align-center\" data-align=\"center\"><\/td><td class=\"has-text-align-center\" data-align=\"center\"><\/td><td class=\"has-text-align-center\" data-align=\"center\"><\/td><td class=\"has-text-align-center\" data-align=\"center\"><\/td><\/tr><\/tbody><\/table><\/figure>\n\n\n\n<p><\/p>\n","protected":false},"excerpt":{"rendered":"<p>P\u00c1LYAREKORD MAGOR 6,815 2026.03.28. Versenyszezon alatti erdem\u00e9nyek Helyez\u00e9s Aut\u00f3 BestLap Pil\u00f3ta D\u00e1tum 1. 6,815 Magor&#8230;<\/p>\n","protected":false},"author":1,"featured_media":0,"parent":0,"menu_order":0,"comment_status":"closed","ping_status":"closed","template":"","meta":{"footnotes":""},"class_list":["post-5499","page","type-page","status-publish","hentry"],"_links":{"self":[{"href":"https:\/\/slotcar.hu\/index.php\/wp-json\/wp\/v2\/pages\/5499"}],"collection":[{"href":"https:\/\/slotcar.hu\/index.php\/wp-json\/wp\/v2\/pages"}],"about":[{"href":"https:\/\/slotcar.hu\/index.php\/wp-json\/wp\/v2\/types\/page"}],"author":[{"embeddable":true,"href":"https:\/\/slotcar.hu\/index.php\/wp-json\/wp\/v2\/users\/1"}],"replies":[{"embeddable":true,"href":"https:\/\/slotcar.hu\/index.php\/wp-json\/wp\/v2\/comments?post=5499"}],"version-history":[{"count":13,"href":"https:\/\/slotcar.hu\/index.php\/wp-json\/wp\/v2\/pages\/5499\/revisions"}],"predecessor-version":[{"id":5853,"href":"https:\/\/slotcar.hu\/index.php\/wp-json\/wp\/v2\/pages\/5499\/revisions\/5853"}],"wp:attachment":[{"href":"https:\/\/slotcar.hu\/index.php\/wp-json\/wp\/v2\/media?parent=5499"}],"curies":[{"name":"wp","href":"https:\/\/api.w.org\/{rel}","templated":true}]}}