{"id":5266,"date":"2025-11-16T21:18:14","date_gmt":"2025-11-16T21:18:14","guid":{"rendered":"https:\/\/slotcar.hu\/?page_id=5266"},"modified":"2025-11-16T21:18:15","modified_gmt":"2025-11-16T21:18:15","slug":"30048-race-of-the-champions-set","status":"publish","type":"page","link":"https:\/\/slotcar.hu\/index.php\/30048-race-of-the-champions-set\/","title":{"rendered":"30048 Race of the Champions Set"},"content":{"rendered":"\n<div class=\"wp-block-media-text is-stacked-on-mobile\"><figure class=\"wp-block-media-text__media\"><img loading=\"lazy\" decoding=\"async\" width=\"800\" height=\"579\" src=\"https:\/\/slotcar.hu\/wp-content\/uploads\/2025\/11\/tn_converted-11.jpeg\" alt=\"\" class=\"wp-image-5258 size-full\" srcset=\"https:\/\/slotcar.hu\/wp-content\/uploads\/2025\/11\/tn_converted-11.jpeg 800w, https:\/\/slotcar.hu\/wp-content\/uploads\/2025\/11\/tn_converted-11-300x217.jpeg 300w, https:\/\/slotcar.hu\/wp-content\/uploads\/2025\/11\/tn_converted-11-768x556.jpeg 768w\" sizes=\"(max-width: 800px) 100vw, 800px\" \/><\/figure><div class=\"wp-block-media-text__content\">\n<p>A\u00a0<strong>Carrera DIGITAL 132 &#8222;Race of the Champions&#8221;<\/strong>\u00a0k\u00e9szlettel otthonr\u00f3l \u00e9lheted \u00e1t a\u00a0<strong>2024-es Formula\u20131-es szezon<\/strong>\u00a0izgalmas csat\u00e1it\u00a0<strong>Max Verstappen \u00e9s Sergio Perez<\/strong>\u00a0k\u00f6z\u00f6tt . <\/p>\n\n\n\n<p>Egy\u00a0<strong>7,3 m\u00e9teres<\/strong>\u00a0p\u00e1ly\u00e1n a\u00a0<strong>Red Bull Racing RB20 aut\u00f3ik intenz\u00edv p\u00e1rharcokat v\u00edvnak, mag\u00e1val ragad\u00f3 verseny\u00e9lm\u00e9nyt ny\u00fajtva. <\/strong><\/p>\n\n\n\n<p><\/p>\n<\/div><\/div>\n\n\n\n<h2 class=\"wp-block-heading\">A TELJES SZ\u00c1M TARTALMA:<\/h2>\n\n\n\n<ul class=\"wp-block-list\">\n<li>x1 Red Bull Racing RB20 &#8222;M.Verstappen, 1. rajtsz\u00e1m&#8221; (32046)<\/li>\n\n\n\n<li>x1 Red Bull Racing RB20 &#8222;S.Perez, 11. sz\u00e1m\u00fa&#8221; (32047)<\/li>\n\n\n\n<li>x1 Vez\u00e9rl\u0151egys\u00e9g (30352)<\/li>\n\n\n\n<li>2 db vezet\u00e9k n\u00e9lk\u00fcli 2.0 sebess\u00e9gszab\u00e1lyoz\u00f3 (10121)\u00a0<strong><em>(1 db AAA elem sz\u00fcks\u00e9ges vez\u00e9rl\u0151nk\u00e9nt &#8211; NEM TARTALMAZZA)<\/em><\/strong><\/li>\n\n\n\n<li>1 db vezet\u00e9k n\u00e9lk\u00fcli 2.0 vev\u0151egys\u00e9g (10122)<\/li>\n\n\n\n<li>1 db transzform\u00e1tor 14,8 V &#8211; 3,5 amper (30326)<\/li>\n\n\n\n<li>x1 Dupla s\u00e1vv\u00e1lt\u00f3 p\u00e1lya (30347)<\/li>\n\n\n\n<li>x11 Standard Egyenes (20509)<\/li>\n\n\n\n<li>x8 1. sug\u00e1r 60\u00b0-os g\u00f6rb\u00fclet (20571)<\/li>\n\n\n\n<li>x2 V\u00e9gszeg\u00e9lyek (20598)<\/li>\n\n\n\n<li>S\u00edn\u00f6sszek\u00f6t\u0151 kapcsok (85245)<\/li>\n\n\n\n<li>Korl\u00e1tbiztons\u00e1g<\/li>\n\n\n\n<li>V\u00e9d\u0151korl\u00e1t tart\u00f3k (85219)<\/li>\n\n\n\n<li>T\u00e1mas\u00edn<\/li>\n\n\n\n<li>x4 dupla cs\u00fasz\u00f3\u00e9rintkez\u0151 (20365)<\/li>\n\n\n\n<li>x1 Felhaszn\u00e1l\u00f3i k\u00e9zik\u00f6nyv<\/li>\n<\/ul>\n","protected":false},"excerpt":{"rendered":"<p>A\u00a0Carrera DIGITAL 132 &#8222;Race of the Champions&#8221;\u00a0k\u00e9szlettel otthonr\u00f3l \u00e9lheted \u00e1t a\u00a02024-es Formula\u20131-es szezon\u00a0izgalmas csat\u00e1it\u00a0Max Verstappen&#8230;<\/p>\n","protected":false},"author":1,"featured_media":0,"parent":0,"menu_order":0,"comment_status":"closed","ping_status":"closed","template":"","meta":{"footnotes":""},"class_list":["post-5266","page","type-page","status-publish","hentry"],"_links":{"self":[{"href":"https:\/\/slotcar.hu\/index.php\/wp-json\/wp\/v2\/pages\/5266"}],"collection":[{"href":"https:\/\/slotcar.hu\/index.php\/wp-json\/wp\/v2\/pages"}],"about":[{"href":"https:\/\/slotcar.hu\/index.php\/wp-json\/wp\/v2\/types\/page"}],"author":[{"embeddable":true,"href":"https:\/\/slotcar.hu\/index.php\/wp-json\/wp\/v2\/users\/1"}],"replies":[{"embeddable":true,"href":"https:\/\/slotcar.hu\/index.php\/wp-json\/wp\/v2\/comments?post=5266"}],"version-history":[{"count":1,"href":"https:\/\/slotcar.hu\/index.php\/wp-json\/wp\/v2\/pages\/5266\/revisions"}],"predecessor-version":[{"id":5267,"href":"https:\/\/slotcar.hu\/index.php\/wp-json\/wp\/v2\/pages\/5266\/revisions\/5267"}],"wp:attachment":[{"href":"https:\/\/slotcar.hu\/index.php\/wp-json\/wp\/v2\/media?parent=5266"}],"curies":[{"name":"wp","href":"https:\/\/api.w.org\/{rel}","templated":true}]}}