{"id":4092,"date":"2024-12-30T22:04:22","date_gmt":"2024-12-30T22:04:22","guid":{"rendered":"https:\/\/slotcar.hu\/?page_id=4092"},"modified":"2024-12-30T22:12:07","modified_gmt":"2024-12-30T22:12:07","slug":"elinditottuk-yt-csatornankat","status":"publish","type":"page","link":"https:\/\/slotcar.hu\/index.php\/elinditottuk-yt-csatornankat\/","title":{"rendered":"YouTube"},"content":{"rendered":"\n<div class=\"wp-block-media-text is-stacked-on-mobile\"><figure class=\"wp-block-media-text__media\"><img loading=\"lazy\" decoding=\"async\" width=\"500\" height=\"263\" src=\"https:\/\/slotcar.hu\/wp-content\/uploads\/2024\/12\/screenshot.jpg\" alt=\"\" class=\"wp-image-4093 size-full\" srcset=\"https:\/\/slotcar.hu\/wp-content\/uploads\/2024\/12\/screenshot.jpg 500w, https:\/\/slotcar.hu\/wp-content\/uploads\/2024\/12\/screenshot-300x158.jpg 300w\" sizes=\"(max-width: 500px) 100vw, 500px\" \/><\/figure><div class=\"wp-block-media-text__content\">\n<p>2024.12.13-\u00e1n elind\u00edtottuk YT csatorn\u00e1nkat, azzal a sz\u00e1nd\u00e9kkal, hogy min\u00e9l t\u00f6\u00fcbb emberrel ismertess\u00fck meg a slotcaroz\u00e1s vil\u00e1g\u00e1t.<\/p>\n\n\n\n<p>Mi lesz a csatorn\u00e1n&#8230;?<\/p>\n\n\n\n<p>Aut\u00f3bemutat\u00f3k<br>Doboz-bont\u00f3k<br>Aut\u00f3-bont\u00f3k<br>\u00c9rdekess\u00e9kek &#8211; \u00fajdons\u00e1gok<br>R\u00e9gi aut\u00f3 bemutat\u00f3k<br>Tesztek, tunning<\/p>\n\n\n\n<figure class=\"wp-block-embed is-type-video is-provider-youtube wp-block-embed-youtube wp-embed-aspect-16-9 wp-has-aspect-ratio\"><div class=\"wp-block-embed__wrapper\">\n<iframe loading=\"lazy\" title=\"DOBOZ - BONT\u00d3 Nascar Darlington Showdown\" width=\"640\" height=\"360\" src=\"https:\/\/www.youtube.com\/embed\/DKKtJk7liTY?feature=oembed\" frameborder=\"0\" allow=\"accelerometer; autoplay; clipboard-write; encrypted-media; gyroscope; picture-in-picture; web-share\" referrerpolicy=\"strict-origin-when-cross-origin\" allowfullscreen><\/iframe>\n<\/div><\/figure>\n<\/div><\/div>\n","protected":false},"excerpt":{"rendered":"","protected":false},"author":1,"featured_media":0,"parent":0,"menu_order":0,"comment_status":"closed","ping_status":"closed","template":"","meta":{"footnotes":""},"class_list":["post-4092","page","type-page","status-publish","hentry"],"_links":{"self":[{"href":"https:\/\/slotcar.hu\/index.php\/wp-json\/wp\/v2\/pages\/4092"}],"collection":[{"href":"https:\/\/slotcar.hu\/index.php\/wp-json\/wp\/v2\/pages"}],"about":[{"href":"https:\/\/slotcar.hu\/index.php\/wp-json\/wp\/v2\/types\/page"}],"author":[{"embeddable":true,"href":"https:\/\/slotcar.hu\/index.php\/wp-json\/wp\/v2\/users\/1"}],"replies":[{"embeddable":true,"href":"https:\/\/slotcar.hu\/index.php\/wp-json\/wp\/v2\/comments?post=4092"}],"version-history":[{"count":4,"href":"https:\/\/slotcar.hu\/index.php\/wp-json\/wp\/v2\/pages\/4092\/revisions"}],"predecessor-version":[{"id":4100,"href":"https:\/\/slotcar.hu\/index.php\/wp-json\/wp\/v2\/pages\/4092\/revisions\/4100"}],"wp:attachment":[{"href":"https:\/\/slotcar.hu\/index.php\/wp-json\/wp\/v2\/media?parent=4092"}],"curies":[{"name":"wp","href":"https:\/\/api.w.org\/{rel}","templated":true}]}}