{"id":1595,"date":"2024-03-24T09:23:21","date_gmt":"2024-03-24T09:23:21","guid":{"rendered":"https:\/\/slotcar.hu\/?page_id=1595"},"modified":"2024-03-24T09:23:21","modified_gmt":"2024-03-24T09:23:21","slug":"31083-ford-mustang-gty-no-76","status":"publish","type":"page","link":"https:\/\/slotcar.hu\/index.php\/31083-ford-mustang-gty-no-76\/","title":{"rendered":"31083 Ford Mustang GTY &#8222;No.76&#8221;"},"content":{"rendered":"\n<figure class=\"wp-block-image size-full\"><img loading=\"lazy\" decoding=\"async\" width=\"658\" height=\"409\" src=\"https:\/\/slotcar.hu\/wp-content\/uploads\/2024\/03\/31038.jpg\" alt=\"\" class=\"wp-image-1596\" srcset=\"https:\/\/slotcar.hu\/wp-content\/uploads\/2024\/03\/31038.jpg 658w, https:\/\/slotcar.hu\/wp-content\/uploads\/2024\/03\/31038-300x186.jpg 300w, https:\/\/slotcar.hu\/wp-content\/uploads\/2024\/03\/31038-400x250.jpg 400w\" sizes=\"(max-width: 658px) 100vw, 658px\" \/><\/figure>\n\n\n\n<h3 class=\"wp-block-heading\">AZ ALKATR\u00c9SZEK&nbsp;<em>LE\u00cdR\u00c1SA<\/em><\/h3>\n\n\n\n<ul class=\"wp-block-list\">\n<li><a href=\"https:\/\/www.slotcar-union.com\/en\/pick-up-braids\/803-carrera-20366-guide-blade-double-sliding-contact-4007486203662.html\">Carrera 20366 vezet\u0151penge + dupla cs\u00fasz\u00f3\u00e9rintkez\u0151<\/a>&nbsp;9,50 \u20ac<\/li>\n\n\n\n<li><a href=\"https:\/\/www.slotcar-union.com\/en\/power-supplies-controllers\/830-carrera-digital-132-26732-digital-decoder-4007486267329.html\">Carrera DIGITAL 132 26732 Digit\u00e1lis dek\u00f3der<\/a>&nbsp;33,90 \u20ac<\/li>\n\n\n\n<li><a href=\"https:\/\/www.slotcar-union.com\/en\/pick-up-braids\/19890-carrera-89108-set-of-screws-10-pcs-4007486891081.html\">Carrera 89108 csavark\u00e9szlet (10 db)<\/a>&nbsp;3,90 \u20ac<\/li>\n\n\n\n<li><a href=\"https:\/\/www.slotcar-union.com\/en\/motors-cables\/1832-carrera-evolutiondigital-132-89200-motor-e200-standard-4007486892002.html\">Carrera Evolution\/Digital 132 89200 Motor E200 Standard<\/a>&nbsp;9,90 \u20ac<\/li>\n\n\n\n<li><a href=\"https:\/\/www.slotcar-union.com\/en\/tires\/19156-carrera-91093-tires-for-ford-mustang-gty-4007486910935.html\">Carrera 91093 Ford Mustang GTY gumik<\/a>&nbsp;4,50 \u20ac<\/li>\n\n\n\n<li><a href=\"https:\/\/www.slotcar-union.com\/en\/spare-parts\/23441-carrera-91217-spare-parts-for-ford-mustang-gty-no76-4007486912175.html\">Carrera 91217 Alkatr\u00e9szek Ford Mustang GTY &#8222;No.76&#8221;<\/a>&nbsp;5,50 \u20ac<\/li>\n\n\n\n<li><a href=\"https:\/\/www.slotcar-union.com\/en\/axles\/23440-carrera-91239-front-and-rear-axle-for-ford-mustang-gty-no5-4007486912397.html\">Carrera 91239 Els\u0151 \u00e9s h\u00e1ts\u00f3 tengely Ford Mustang GTY &#8222;No.5&#8221;<\/a>&nbsp;5,90 \u20ac<\/li>\n\n\n\n<li><a href=\"https:\/\/www.slotcar-union.com\/en\/slotdevil\/7167-slotdevil-20112005-carrera-cable-set-complete-0780509355152.html\">Slotdevil 20112005 Carrera k\u00e1belk\u00e9szlet kompletten<\/a>\u00a04.90 \u20ac<\/li>\n<\/ul>\n","protected":false},"excerpt":{"rendered":"<p>AZ ALKATR\u00c9SZEK&nbsp;LE\u00cdR\u00c1SA<\/p>\n","protected":false},"author":1,"featured_media":0,"parent":0,"menu_order":0,"comment_status":"closed","ping_status":"closed","template":"","meta":{"footnotes":""},"class_list":["post-1595","page","type-page","status-publish","hentry"],"_links":{"self":[{"href":"https:\/\/slotcar.hu\/index.php\/wp-json\/wp\/v2\/pages\/1595"}],"collection":[{"href":"https:\/\/slotcar.hu\/index.php\/wp-json\/wp\/v2\/pages"}],"about":[{"href":"https:\/\/slotcar.hu\/index.php\/wp-json\/wp\/v2\/types\/page"}],"author":[{"embeddable":true,"href":"https:\/\/slotcar.hu\/index.php\/wp-json\/wp\/v2\/users\/1"}],"replies":[{"embeddable":true,"href":"https:\/\/slotcar.hu\/index.php\/wp-json\/wp\/v2\/comments?post=1595"}],"version-history":[{"count":1,"href":"https:\/\/slotcar.hu\/index.php\/wp-json\/wp\/v2\/pages\/1595\/revisions"}],"predecessor-version":[{"id":1597,"href":"https:\/\/slotcar.hu\/index.php\/wp-json\/wp\/v2\/pages\/1595\/revisions\/1597"}],"wp:attachment":[{"href":"https:\/\/slotcar.hu\/index.php\/wp-json\/wp\/v2\/media?parent=1595"}],"curies":[{"name":"wp","href":"https:\/\/api.w.org\/{rel}","templated":true}]}}