{"id":155,"date":"2022-10-28T18:46:42","date_gmt":"2022-10-28T18:46:42","guid":{"rendered":"https:\/\/slotcar.hu\/?page_id=155"},"modified":"2022-11-02T19:41:57","modified_gmt":"2022-11-02T19:41:57","slug":"30027-peak-performance","status":"publish","type":"page","link":"https:\/\/slotcar.hu\/index.php\/30027-peak-performance\/","title":{"rendered":"30027 Peak Performance"},"content":{"rendered":"<div class=\"wp-block-image\">\n<figure class=\"aligncenter size-full\"><img loading=\"lazy\" decoding=\"async\" width=\"789\" height=\"581\" src=\"https:\/\/slotcar.hu\/wp-content\/uploads\/2022\/10\/carrera-digital-132-30027-peak-performance-set.jpg\" alt=\"\" class=\"wp-image-115\" srcset=\"https:\/\/slotcar.hu\/wp-content\/uploads\/2022\/10\/carrera-digital-132-30027-peak-performance-set.jpg 789w, https:\/\/slotcar.hu\/wp-content\/uploads\/2022\/10\/carrera-digital-132-30027-peak-performance-set-300x221.jpg 300w, https:\/\/slotcar.hu\/wp-content\/uploads\/2022\/10\/carrera-digital-132-30027-peak-performance-set-768x566.jpg 768w\" sizes=\"(max-width: 789px) 100vw, 789px\" \/><\/figure><\/div>\n\n\n\n\n<figure class=\"wp-block-table aligncenter is-style-stripes\"><table><tbody><tr><td><img loading=\"lazy\" decoding=\"async\" width=\"800\" height=\"251\" class=\"wp-image-684\" style=\"width: 800px;\" src=\"https:\/\/slotcar.hu\/wp-content\/uploads\/2022\/11\/carrera-digital-132-30027-peak-performance-set-1.jpg\" alt=\"\" srcset=\"https:\/\/slotcar.hu\/wp-content\/uploads\/2022\/11\/carrera-digital-132-30027-peak-performance-set-1.jpg 1366w, https:\/\/slotcar.hu\/wp-content\/uploads\/2022\/11\/carrera-digital-132-30027-peak-performance-set-1-300x94.jpg 300w, https:\/\/slotcar.hu\/wp-content\/uploads\/2022\/11\/carrera-digital-132-30027-peak-performance-set-1-1024x322.jpg 1024w, https:\/\/slotcar.hu\/wp-content\/uploads\/2022\/11\/carrera-digital-132-30027-peak-performance-set-1-768x241.jpg 768w\" sizes=\"(max-width: 800px) 100vw, 800px\" \/><\/td><\/tr><\/tbody><\/table><\/figure>\n\n\n\n<figure class=\"wp-block-table aligncenter\"><table><tbody><tr><td><strong>31021 <\/strong>Porsche 935 GT2 &#8222;Pikes Peak, No.11&#8221; 2020<\/td><td><a href=\"https:\/\/slotcar.hu\/index.php\/31021-porsche-935-gt2-pikes-peak-no-11-2020\/\"><img loading=\"lazy\" decoding=\"async\" width=\"200\" height=\"129\" class=\"wp-image-687\" style=\"width: 200px;\" src=\"https:\/\/slotcar.hu\/wp-content\/uploads\/2022\/11\/carrera-digital-132-31021-porsche-935-gt2-pikes-peak-no11-2020.jpg\" alt=\"\" srcset=\"https:\/\/slotcar.hu\/wp-content\/uploads\/2022\/11\/carrera-digital-132-31021-porsche-935-gt2-pikes-peak-no11-2020.jpg 1162w, https:\/\/slotcar.hu\/wp-content\/uploads\/2022\/11\/carrera-digital-132-31021-porsche-935-gt2-pikes-peak-no11-2020-300x193.jpg 300w, https:\/\/slotcar.hu\/wp-content\/uploads\/2022\/11\/carrera-digital-132-31021-porsche-935-gt2-pikes-peak-no11-2020-1024x659.jpg 1024w, https:\/\/slotcar.hu\/wp-content\/uploads\/2022\/11\/carrera-digital-132-31021-porsche-935-gt2-pikes-peak-no11-2020-768x494.jpg 768w, https:\/\/slotcar.hu\/wp-content\/uploads\/2022\/11\/carrera-digital-132-31021-porsche-935-gt2-pikes-peak-no11-2020-1115x715.jpg 1115w\" sizes=\"(max-width: 200px) 100vw, 200px\" \/><\/a><\/td><\/tr><tr><td><strong>31014 <\/strong>Chevrolet Corvette C8.R &#8222;Sebring, No.3&#8221;<\/td><td><a href=\"https:\/\/slotcar.hu\/index.php\/31014-chevrolet-corvette-c8-r-sebring-no-3\/\"><img loading=\"lazy\" decoding=\"async\" width=\"200\" height=\"200\" class=\"wp-image-689\" style=\"width: 200px;\" src=\"https:\/\/slotcar.hu\/wp-content\/uploads\/2022\/11\/31014-500x500-1.jpg\" alt=\"\" srcset=\"https:\/\/slotcar.hu\/wp-content\/uploads\/2022\/11\/31014-500x500-1.jpg 500w, https:\/\/slotcar.hu\/wp-content\/uploads\/2022\/11\/31014-500x500-1-300x300.jpg 300w, https:\/\/slotcar.hu\/wp-content\/uploads\/2022\/11\/31014-500x500-1-150x150.jpg 150w\" sizes=\"(max-width: 200px) 100vw, 200px\" \/><\/a><\/td><\/tr><\/tbody><\/table><\/figure>\n\n\n\n\n\n<figure class=\"wp-block-table\"><table><tbody><tr><td>Referencia sz\u00e1ma :<\/td><td>20030027<\/td><\/tr><tr><td>Kiad\u00e1s \u00e9ve: <\/td><td>2022<\/td><\/tr><tr><td>P\u00e1lyahossz:<\/td><td>8,4 m<\/td><\/tr><tr><td>Alap p\u00e1lya\u00e9p\u00edt\u00e9s m\u00e9rete:<\/td><td>240 X 125 cm<\/td><\/tr><\/tbody><\/table><\/figure>\n\n\n\n<ul class=\"wp-block-list\"><li>x1 Carrera DIGITAL 132 <a href=\"https:\/\/slotcar.hu\/index.php\/31021-porsche-935-gt2-pikes-peak-no-11-2020\/\">31021 Porsche 935 GT2 &#8222;Pikes Peak, No.11&#8221; 2020 <\/a><\/li><li>x1 Carrera DIGITAL 132 <a href=\"https:\/\/slotcar.hu\/index.php\/31014-chevrolet-corvette-c8-r-sebring-no-3\/\">31014 Chevrolet Corvette C8.R &#8222;Sebring, No.3&#8221; <\/a><\/li><li>x1 Carrera DIGITAL 132 <a href=\"https:\/\/slotcar.hu\/index.php\/30352-control-unit\/\">30352\u00a0vez\u00e9rl\u0151egys\u00e9g Control Unit<\/a><\/li><li>x1 Carrera DIGITAL 132 <a href=\"https:\/\/slotcar.hu\/index.php\/30326-transzformator-148v-35-a\/\">30326 Transzform\u00e1tor 14,8V &#8211; 3,5 A<\/a><\/li><li>x2 Carrera DIGITAL 132 <a href=\"https:\/\/slotcar.hu\/index.php\/30340-sebessegszabalyzo\/\">30340\u00a0Sebess\u00e9gszab\u00e1lyz\u00f3<\/a><\/li><li>x1 Carrera DIGITAL 132 <a href=\"https:\/\/slotcar.hu\/index.php\/30364-jobb-kanyar-savvaltoval-belulrol-kivulre\/\">30364 Jobb kanyar s\u00e1vv\u00e1lt\u00f3val,\u00a0bel\u00fclr\u0151l k\u00edv\u00fclre<\/a><\/li><li>x1 Carrera DIGITAL 30365 Jobb kanyar s\u00e1vv\u00e1lt\u00f3val, k\u00edv\u00fclr\u0151l bel\u00fclre<\/li><li>x5 Carrera 20509 Standard\u00a0egyenes<\/li><li>x16 Carrera 20571 Radius 1\u00a0kanyar 60\u00b0<\/li><li>x2 Carrera 20598\u00a0k\u00fcls\u0151 padka v\u00e9gz\u00e1r\u00f3<\/li><li>Carrera 85245\u00a0p\u00e1lya\u00f6sszek\u00f6t\u0151k<\/li><li>Carrera\u00a0V\u00e9d\u0151korl\u00e1t<\/li><li>Carrera 85219\u00a0V\u00e9d\u0151korl\u00e1t t\u00e1masz<\/li><li>Carrera Support Rail<\/li><li>x4 Carrera 20365 kett\u0151s \u00e1ramszed\u0151k<\/li><li>x1\u00a0\u00datmutat\u00f3<\/li><\/ul>\n","protected":false},"excerpt":{"rendered":"<p>31021 Porsche 935 GT2 &#8222;Pikes Peak, No.11&#8221; 2020 31014 Chevrolet Corvette C8.R &#8222;Sebring, No.3&#8221; Referencia&#8230;<\/p>\n","protected":false},"author":1,"featured_media":0,"parent":0,"menu_order":0,"comment_status":"closed","ping_status":"closed","template":"","meta":{"footnotes":""},"class_list":["post-155","page","type-page","status-publish","hentry"],"_links":{"self":[{"href":"https:\/\/slotcar.hu\/index.php\/wp-json\/wp\/v2\/pages\/155"}],"collection":[{"href":"https:\/\/slotcar.hu\/index.php\/wp-json\/wp\/v2\/pages"}],"about":[{"href":"https:\/\/slotcar.hu\/index.php\/wp-json\/wp\/v2\/types\/page"}],"author":[{"embeddable":true,"href":"https:\/\/slotcar.hu\/index.php\/wp-json\/wp\/v2\/users\/1"}],"replies":[{"embeddable":true,"href":"https:\/\/slotcar.hu\/index.php\/wp-json\/wp\/v2\/comments?post=155"}],"version-history":[{"count":21,"href":"https:\/\/slotcar.hu\/index.php\/wp-json\/wp\/v2\/pages\/155\/revisions"}],"predecessor-version":[{"id":722,"href":"https:\/\/slotcar.hu\/index.php\/wp-json\/wp\/v2\/pages\/155\/revisions\/722"}],"wp:attachment":[{"href":"https:\/\/slotcar.hu\/index.php\/wp-json\/wp\/v2\/media?parent=155"}],"curies":[{"name":"wp","href":"https:\/\/api.w.org\/{rel}","templated":true}]}}