{"id":1370,"date":"2023-12-04T09:25:03","date_gmt":"2023-12-04T09:25:03","guid":{"rendered":"https:\/\/slotcar.hu\/?page_id=1370"},"modified":"2023-12-04T09:25:03","modified_gmt":"2023-12-04T09:25:03","slug":"27616-ford-torino-talladega-no-76-1970","status":"publish","type":"page","link":"https:\/\/slotcar.hu\/index.php\/27616-ford-torino-talladega-no-76-1970\/","title":{"rendered":"27616 Ford Torino Talladega &#8222;No.76&#8221;, 1970"},"content":{"rendered":"\n<figure class=\"wp-block-image size-large\"><img loading=\"lazy\" decoding=\"async\" width=\"1024\" height=\"545\" src=\"https:\/\/slotcar.hu\/wp-content\/uploads\/2023\/12\/27616-1024x545.jpg\" alt=\"\" class=\"wp-image-1371\" srcset=\"https:\/\/slotcar.hu\/wp-content\/uploads\/2023\/12\/27616-1024x545.jpg 1024w, https:\/\/slotcar.hu\/wp-content\/uploads\/2023\/12\/27616-300x160.jpg 300w, https:\/\/slotcar.hu\/wp-content\/uploads\/2023\/12\/27616-768x408.jpg 768w, https:\/\/slotcar.hu\/wp-content\/uploads\/2023\/12\/27616.jpg 1036w\" sizes=\"(max-width: 1024px) 100vw, 1024px\" \/><\/figure>\n\n\n\n<h3 class=\"wp-block-heading\">LE\u00cdR\u00c1S<\/h3>\n\n\n\n<p>Az 1970-es \u00e9vekben az aut\u00f3versenyz\u00e9s nagy volt, mert nagyon sok pil\u00f3ta vett r\u00e9szt, versenyr\u00e1csok voltak el\u00f6lr\u0151l h\u00e1trafel\u00e9, \u00e9s a versenyeken \u00e1lland\u00f3 harcok zajlottak a poz\u00edci\u00f3\u00e9rt a mez\u0151nyben \u00e9s a verseny sor\u00e1n.<\/p>\n\n\n\n<h3 class=\"wp-block-heading\">A CARRERA MODELL<\/h3>\n\n\n\n<ul class=\"wp-block-list\">\n<li>F\u0151leg digit\u00e1lis friss\u00edt\u00e9sre k\u00e9sz aut\u00f3k.<\/li>\n\n\n\n<li>Az aut\u00f3k val\u00f3s\u00e1gh\u0171 gyors\u00edt\u00e1ssal \u00e9s f\u00e9kez\u00e9ssel rendelkeznek.<\/li>\n\n\n\n<li>Kiv\u00e1l\u00f3 min\u0151s\u00e9g\u0171 eredeti r\u00e9szletezett \u00e9s tamponnyomott.<\/li>\n\n\n\n<li>Vonz\u00f3, \u00e9lvonalbeli j\u00e1rm\u0171enged\u00e9lyek.<\/li>\n\n\n\n<li>\u00c1h\u00edtott gy\u0171jt\u0151j\u00e1rm\u0171vek: KORL\u00c1TOZOTT KIAD\u00c1SOK 1999 darabos kiad\u00e1sban vil\u00e1gszerte<\/li>\n<\/ul>\n\n\n\n<h3 class=\"wp-block-heading\"><em><\/em>AZ ALKATR\u00c9SZEK&nbsp;<em>LE\u00cdR\u00c1SA<\/em><\/h3>\n\n\n\n<ul class=\"wp-block-list\">\n<li><a href=\"https:\/\/www.slotcar-union.com\/en\/pick-up-braids\/803-carrera-20366-guide-blade-double-sliding-contact-4007486203662.html\" target=\"_blank\" rel=\"noreferrer noopener\">Carrera 20366 vezet\u0151penge + dupla cs\u00fasz\u00f3\u00e9rintkez\u0151<\/a>\u00a09,50 \u20ac<\/li>\n\n\n\n<li><a href=\"https:\/\/www.slotcar-union.com\/en\/pick-up-braids\/19890-carrera-89108-set-of-screws-10-pcs-4007486891081.html\" target=\"_blank\" rel=\"noreferrer noopener\">Carrera 89108 csavark\u00e9szlet (10 db)<\/a>\u00a03,90 \u20ac<\/li>\n\n\n\n<li><a rel=\"noreferrer noopener\" href=\"https:\/\/www.slotcar-union.com\/en\/tires\/18484-carrera-89170-tires-for-us-cars-4007486891708.html\" target=\"_blank\">Carrera 89170 gumiabroncsok amerikai aut\u00f3khoz<\/a>\u00a04,50 \u20ac <a href=\"https:\/\/aqua.hu\/jatek\/carrera-89170-evod132-gumiabroncs-dodge-gcs5087-t1016668\" target=\"_blank\" rel=\"noreferrer noopener\"><img loading=\"lazy\" decoding=\"async\" width=\"50\" height=\"22\" class=\"wp-image-1206\" style=\"width: 50px;\" src=\"https:\/\/slotcar.hu\/wp-content\/uploads\/2023\/11\/aqua.jpg\" alt=\"\"><\/a><\/li>\n\n\n\n<li><a href=\"https:\/\/www.slotcar-union.com\/en\/motors-cables\/1832-carrera-evolutiondigital-132-89200-motor-e200-standard-4007486892002.html\" target=\"_blank\" rel=\"noreferrer noopener\">Carrera Evolution\/Digital 132 89200 Motor E200 Standard<\/a>\u00a09,90 \u20ac<\/li>\n\n\n\n<li><a href=\"https:\/\/www.slotcar-union.com\/en\/axles\/13073-carrera-89751-front-and-rear-axle-for-dodge-charger-500-chrysler-group-llc-2012-no-30-1972-4007486897519.html\" target=\"_blank\" rel=\"noreferrer noopener\">Carrera 89751 Els\u0151 \u00e9s h\u00e1ts\u00f3 tengely Dodge Charger 500 Chrysler Group LLC 2012 &#8222;No. 30&#8221;, 1972<\/a>\u00a05,50 \u20ac<\/li>\n\n\n\n<li><a href=\"https:\/\/www.slotcar-union.com\/en\/slotdevil\/7167-slotdevil-20112005-carrera-cable-set-complete-0780509355152.html\" target=\"_blank\" rel=\"noreferrer noopener\">Slotdevil 20112005 Carrera k\u00e1belk\u00e9szlet kompletten<\/a>\u00a04,90 \u20ac<\/li>\n<\/ul>\n","protected":false},"excerpt":{"rendered":"<p>LE\u00cdR\u00c1S Az 1970-es \u00e9vekben az aut\u00f3versenyz\u00e9s nagy volt, mert nagyon sok pil\u00f3ta vett r\u00e9szt, versenyr\u00e1csok&#8230;<\/p>\n","protected":false},"author":1,"featured_media":0,"parent":0,"menu_order":0,"comment_status":"closed","ping_status":"closed","template":"","meta":{"footnotes":""},"class_list":["post-1370","page","type-page","status-publish","hentry"],"_links":{"self":[{"href":"https:\/\/slotcar.hu\/index.php\/wp-json\/wp\/v2\/pages\/1370"}],"collection":[{"href":"https:\/\/slotcar.hu\/index.php\/wp-json\/wp\/v2\/pages"}],"about":[{"href":"https:\/\/slotcar.hu\/index.php\/wp-json\/wp\/v2\/types\/page"}],"author":[{"embeddable":true,"href":"https:\/\/slotcar.hu\/index.php\/wp-json\/wp\/v2\/users\/1"}],"replies":[{"embeddable":true,"href":"https:\/\/slotcar.hu\/index.php\/wp-json\/wp\/v2\/comments?post=1370"}],"version-history":[{"count":1,"href":"https:\/\/slotcar.hu\/index.php\/wp-json\/wp\/v2\/pages\/1370\/revisions"}],"predecessor-version":[{"id":1372,"href":"https:\/\/slotcar.hu\/index.php\/wp-json\/wp\/v2\/pages\/1370\/revisions\/1372"}],"wp:attachment":[{"href":"https:\/\/slotcar.hu\/index.php\/wp-json\/wp\/v2\/media?parent=1370"}],"curies":[{"name":"wp","href":"https:\/\/api.w.org\/{rel}","templated":true}]}}