{"id":1288,"date":"2023-11-22T19:26:29","date_gmt":"2023-11-22T19:26:29","guid":{"rendered":"https:\/\/slotcar.hu\/?page_id=1288"},"modified":"2023-11-22T19:26:29","modified_gmt":"2023-11-22T19:26:29","slug":"30031-retro-grand-prix-set","status":"publish","type":"page","link":"https:\/\/slotcar.hu\/index.php\/30031-retro-grand-prix-set\/","title":{"rendered":"30031 Retro Grand Prix Set"},"content":{"rendered":"\n<figure class=\"wp-block-image size-full\"><img loading=\"lazy\" decoding=\"async\" width=\"952\" height=\"708\" src=\"https:\/\/slotcar.hu\/wp-content\/uploads\/2023\/11\/30031.jpg\" alt=\"\" class=\"wp-image-1217\" srcset=\"https:\/\/slotcar.hu\/wp-content\/uploads\/2023\/11\/30031.jpg 952w, https:\/\/slotcar.hu\/wp-content\/uploads\/2023\/11\/30031-300x223.jpg 300w, https:\/\/slotcar.hu\/wp-content\/uploads\/2023\/11\/30031-768x571.jpg 768w\" sizes=\"(max-width: 952px) 100vw, 952px\" \/><\/figure>\n\n\n\n<p><strong>Carrera 60 \u00e9ves fenn\u00e1ll\u00e1s\u00e1t \u00fcnnepli egy 3 ir\u00e1ny\u00fa retro versenyp\u00e1ly\u00e1s csat\u00e1val!<\/strong><\/p>\n\n\n\n<p>H\u00e1rom egyed\u00fcl\u00e1ll\u00f3 versenylegenda sorakozik fel a 9,3 m\u00e9teres versenyp\u00e1ly\u00e1don!&nbsp;A Carrera DIGITAL 132 \u201eRetro Grand Prix\u201d k\u00e9szlet a motorversenyz\u00e9s m\u00faltj\u00e1nak h\u00e1rom ikonikus szt\u00e1rj\u00e1t hozza vissza.&nbsp;1991-ben a Lancia Beta Montecarlo Turbo \u201eLancia Martini Racing, No.3\u201d versenyzett a h\u00edres daytonai p\u00e1ly\u00e1n.&nbsp;A st\u00edlusos k\u00e9k \u00e9s s\u00e1rga Porsche Kremer 935 K3 &#8216;No.54&#8217; a DRM (German Racing Championship) klasszikusa, amelyet Klaus Ludwig hajtott a gy\u0151zelemre.&nbsp;1982-ben a Ford Capri Zakspeed Turbo \u201eW\u00fcrth-Zakspeed-Team, No.2\u201d megnyerte az \u00f6sszes\u00edtett DRM-bajnoks\u00e1got, \u00e9s a vezet\u0151i legenda, Klaus Ludwig is a v\u00e9gs\u0151 sikerre ir\u00e1ny\u00edtotta.<\/p>\n\n\n\n<p><strong>\u00c9vfordul\u00f3s versenyizgalom<\/strong><\/p>\n\n\n\n<p>V\u00e1ltson s\u00e1vot \u00e9s haladjon el az ellenfeleken egy gombnyom\u00e1ssal a 9,3 m\u00e9teres versenyp\u00e1lya k\u00f6r\u00fcl!&nbsp;A sebess\u00e9g \u00e9s a f\u00e9ker\u0151 minden aut\u00f3hoz egyedileg \u00e1ll\u00edthat\u00f3 be, hogy megfeleljen az \u00d6n speci\u00e1lis k\u00e9pess\u00e9geinek.&nbsp;Az aut\u00f3k val\u00f3ban m\u0171k\u00f6d\u0151k\u00e9pes els\u0151, h\u00e1ts\u00f3 \u00e9s f\u00e9kl\u00e1mp\u00e1kkal vannak felszerelve.<\/p>\n\n\n\n<h3 class=\"wp-block-heading\">KOMPLETT K\u00c9SZLET, AMELY TARTALMAZZA:<\/h3>\n\n\n\n<ul class=\"wp-block-list\">\n<li>x1 Carrera DIGITAL 132 31065 Lancia Beta Montecarlo Turbo &#8222;Lancia Martini Racing, No.3&#8221;, Daytona 1981<\/li>\n\n\n\n<li>Carrera DIGITAL 132 30957 Porsche Kremer 935 K3 &#8222;No.54&#8221;<\/li>\n\n\n\n<li>Carrera DIGITAL 132 31042 Ford Capri Zakspeed Turbo &#8222;W\u00fcrth-Zakspeed-Team, No.2&#8221;<\/li>\n\n\n\n<li>x1 Carrera DIGITAL 30352 vez\u00e9rl\u0151egys\u00e9g<\/li>\n\n\n\n<li>x1 Carrera DIGITAL 132 30326 transzform\u00e1tor 14,8V &#8211; 3,5 A<\/li>\n\n\n\n<li>x3 Carrera DIGITAL 30340 sebess\u00e9gszab\u00e1lyoz\u00f3<\/li>\n\n\n\n<li>x1 Carrera DIGITAL 30369 AppConnect<\/li>\n\n\n\n<li>x1 Carrera DIGITAL 30347 dupla s\u00e1vos v\u00e1lt\u00f3p\u00e1lya<\/li>\n\n\n\n<li>x1 Carrera DIGITAL 30363 S\u00e1vv\u00e1lt\u00e1s bal \u00edvben, kifel\u00e9 befel\u00e9<\/li>\n\n\n\n<li>x12 Carrera 20509 Standard egyenes<\/li>\n\n\n\n<li>x11 Carrera 20571 1. sugar\u00fa \u00edv 60\u00b0<\/li>\n\n\n\n<li>x1 Carrera 30359 F\u00e9legyenes szeg\u00e9ly<\/li>\n\n\n\n<li>x2 Carrera 20598 End Borders<\/li>\n\n\n\n<li>Carrera 85245 s\u00edncsatlakoz\u00f3 kapcsok<\/li>\n\n\n\n<li>Carrera Barrier Security<\/li>\n\n\n\n<li>Carrera 85219 v\u00e9d\u0151korl\u00e1t tart\u00f3k<\/li>\n\n\n\n<li>Carrera t\u00e1maszt\u00f3s\u00edn<\/li>\n\n\n\n<li>x4 Carrera 20365 Dupla cs\u00fasz\u00f3 \u00e9rintkez\u0151<\/li>\n\n\n\n<li>x1 Haszn\u00e1lati \u00fatmutat\u00f3<\/li>\n<\/ul>\n","protected":false},"excerpt":{"rendered":"<p>Carrera 60 \u00e9ves fenn\u00e1ll\u00e1s\u00e1t \u00fcnnepli egy 3 ir\u00e1ny\u00fa retro versenyp\u00e1ly\u00e1s csat\u00e1val! H\u00e1rom egyed\u00fcl\u00e1ll\u00f3 versenylegenda sorakozik&#8230;<\/p>\n","protected":false},"author":1,"featured_media":0,"parent":0,"menu_order":0,"comment_status":"closed","ping_status":"closed","template":"","meta":{"footnotes":""},"class_list":["post-1288","page","type-page","status-publish","hentry"],"_links":{"self":[{"href":"https:\/\/slotcar.hu\/index.php\/wp-json\/wp\/v2\/pages\/1288"}],"collection":[{"href":"https:\/\/slotcar.hu\/index.php\/wp-json\/wp\/v2\/pages"}],"about":[{"href":"https:\/\/slotcar.hu\/index.php\/wp-json\/wp\/v2\/types\/page"}],"author":[{"embeddable":true,"href":"https:\/\/slotcar.hu\/index.php\/wp-json\/wp\/v2\/users\/1"}],"replies":[{"embeddable":true,"href":"https:\/\/slotcar.hu\/index.php\/wp-json\/wp\/v2\/comments?post=1288"}],"version-history":[{"count":1,"href":"https:\/\/slotcar.hu\/index.php\/wp-json\/wp\/v2\/pages\/1288\/revisions"}],"predecessor-version":[{"id":1289,"href":"https:\/\/slotcar.hu\/index.php\/wp-json\/wp\/v2\/pages\/1288\/revisions\/1289"}],"wp:attachment":[{"href":"https:\/\/slotcar.hu\/index.php\/wp-json\/wp\/v2\/media?parent=1288"}],"curies":[{"name":"wp","href":"https:\/\/api.w.org\/{rel}","templated":true}]}}