{"id":1077,"date":"2023-10-30T16:41:01","date_gmt":"2023-10-30T16:41:01","guid":{"rendered":"https:\/\/slotcar.hu\/?page_id=1077"},"modified":"2023-11-22T19:18:50","modified_gmt":"2023-11-22T19:18:50","slug":"30767-mercedes-amg-gt3","status":"publish","type":"page","link":"https:\/\/slotcar.hu\/index.php\/30767-mercedes-amg-gt3\/","title":{"rendered":"30767 Mercedes-AMG GT3"},"content":{"rendered":"\n<figure class=\"wp-block-image size-large is-resized\"><img loading=\"lazy\" decoding=\"async\" src=\"https:\/\/slotcar.hu\/wp-content\/uploads\/2022\/12\/30767-mercedes-amg-gt3-no16-1024x576.jpg\" alt=\"\" class=\"wp-image-889\" width=\"840\" height=\"472\" srcset=\"https:\/\/slotcar.hu\/wp-content\/uploads\/2022\/12\/30767-mercedes-amg-gt3-no16-1024x576.jpg 1024w, https:\/\/slotcar.hu\/wp-content\/uploads\/2022\/12\/30767-mercedes-amg-gt3-no16-300x169.jpg 300w, https:\/\/slotcar.hu\/wp-content\/uploads\/2022\/12\/30767-mercedes-amg-gt3-no16-768x432.jpg 768w, https:\/\/slotcar.hu\/wp-content\/uploads\/2022\/12\/30767-mercedes-amg-gt3-no16.jpg 1366w\" sizes=\"(max-width: 840px) 100vw, 840px\" \/><\/figure>\n\n\n\n<p>Kimagasl\u00f3 sz\u00ednvonal\u00fa versenytechnika \u00e9s l\u00e1tv\u00e1nyos diz\u00e1jn: A Mercedes AMG GT3 a Mercedes-Benz nagy teljes\u00edtm\u00e9ny\u0171 aut\u00f3t\u00edpus\u00e1nak leg\u00fajabb gener\u00e1ci\u00f3ja.\u00a0A 2016-os aut\u00f3 az el\u0151dje, a GT3 SLS 6,3 literes, V8-as sz\u00edv\u00f3motorj\u00e1val a gy\u0151zelem\u00e9rt k\u00fczd.\u00a0<\/p>\n\n\n\n<p>A &#8222;Panamericana&#8221; h\u0171t\u0151r\u00e1cs azonnali szemet gy\u00f6ny\u00f6rk\u00f6dtet\u0151.\u00a0A f\u00fcgg\u0151leges kr\u00f3m t\u00e1maszt\u00e9kokat haszn\u00e1l\u00f3 forma azonnal az 1952-es Mercedes-Benz 300 SL versenyaut\u00f3ra eml\u00e9keztet, amely megnyerte a h\u00edres hossz\u00fa t\u00e1v\u00fa versenyt Mexik\u00f3-szerte.<\/p>\n\n\n\n<p>A Carrera DIGITAL 132 Mercedes AMG GT3 slotcar els\u0151, h\u00e1ts\u00f3 \u00e9s f\u00e9kl\u00e1mp\u00e1ival, valamint h\u0171en reproduk\u00e1lt r\u00e9szletekkel leny\u0171g\u00f6z\u0151.\u00a0<\/p>\n\n\n\n<h3 class=\"wp-block-heading\">A CARRERA MODELL<\/h3>\n\n\n\n<ul class=\"wp-block-list\">\n<li>A Digital 132 aut\u00f3k digit\u00e1lisan vez\u00e9relhet\u0151k \u00e9s egyedileg k\u00f3dolhat\u00f3k.<\/li>\n\n\n\n<li>Minden Carrera Digital 132 aut\u00f3 haszn\u00e1lhat\u00f3 a Carrera Evolutionnal.<\/li>\n\n\n\n<li>Tampon nyomott, eredeti \u00e9s r\u00e9szletes aut\u00f3k.<\/li>\n\n\n\n<li>Val\u00f3s\u00e1gh\u0171 gyors\u00edt\u00e1s \u00e9s f\u00e9kez\u00e9s.<\/li>\n\n\n\n<li>Els\u0151 l\u00e1mpa (Xenon) \u00e9s h\u00e1ts\u00f3\/f\u00e9kl\u00e1mp\u00e1val rendelkezik<\/li>\n\n\n\n<li>Pontos karossz\u00e9ria kidolgoz\u00e1s.<\/li>\n<\/ul>\n\n\n\n<h3 class=\"wp-block-heading\">AZ ALKATR\u00c9SZEK&nbsp;<em>LE\u00cdR\u00c1SA<\/em><\/h3>\n\n\n\n<ul class=\"wp-block-list\">\n<li><a href=\"https:\/\/www.slotcar-union.com\/en\/prs-slot\/21064-prs-32606-lexan-cockpit-for-mercedes-amg-carrera.html\" target=\"_blank\" rel=\"noreferrer noopener\">PRS 32606 Lexan Cockpit Mercedes AMG Carrera sz\u00e1m\u00e1ra<\/a>\u00a04,50 \u20ac<\/li>\n\n\n\n<li><a href=\"https:\/\/www.slotcar-union.com\/en\/prs-slot\/20666-prs-32609-chassis-mercedes-amg-carrera-rtr.html\" target=\"_blank\" rel=\"noreferrer noopener\">PRS 32609 alv\u00e1z Mercedes AMG Carrera RTR<\/a>\u00a096,90 \u20ac<\/li>\n\n\n\n<li><a href=\"https:\/\/www.slotcar-union.com\/en\/pick-up-braids\/803-carrera-20366-guide-blade-double-sliding-contact-4007486203662.html\" target=\"_blank\" rel=\"noreferrer noopener\">Carrera 20366 vezet\u0151penge + dupla cs\u00fasz\u00f3\u00e9rintkez\u0151<\/a>\u00a09,50 \u20ac<\/li>\n\n\n\n<li><a href=\"https:\/\/www.slotcar-union.com\/en\/power-supplies-controllers\/830-carrera-digital-132-26732-digital-decoder-4007486267329.html\" target=\"_blank\" rel=\"noreferrer noopener\">Carrera DIGITAL 132 26732 Digit\u00e1lis dek\u00f3der<\/a>\u00a033,90 \u20ac<\/li>\n\n\n\n<li><a href=\"https:\/\/www.slotcar-union.com\/en\/pick-up-braids\/19890-carrera-89108-set-of-screws-10-pcs-4007486891081.html\" target=\"_blank\" rel=\"noreferrer noopener\">Carrera 89108 csavark\u00e9szlet (10 db)<\/a>\u00a03,90 \u20ac<\/li>\n\n\n\n<li><a href=\"https:\/\/www.slotcar-union.com\/en\/motors-cables\/1832-carrera-evolutiondigital-132-89200-motor-e200-standard-4007486892002.html\" target=\"_blank\" rel=\"noreferrer noopener\">Carrera Evolution\/Digital 132 89200 Motor E200 Standard<\/a>\u00a09,90 \u20ac<\/li>\n\n\n\n<li><a href=\"https:\/\/www.slotcar-union.com\/en\/tires\/4106-carrera-89800-tires-for-dtm-4007486898004.html\" target=\"_blank\" rel=\"noreferrer noopener\">Carrera 89800 gumiabroncsok DTM-hez<\/a>\u00a04,50 \u20ac<\/li>\n\n\n\n<li><a href=\"https:\/\/www.slotcar-union.com\/en\/axles\/12401-carrera-89914-front-and-rear-axle-for-mercedes-amg-gt3-4007486899148.html\" target=\"_blank\" rel=\"noreferrer noopener\">Carrera 89914 Els\u0151 \u00e9s h\u00e1ts\u00f3 tengely Mercedes-AMG GT3-ho<\/a><a href=\"https:\/\/www.slotcar-union.com\/en\/axles\/12401-carrera-89914-front-and-rear-axle-for-mercedes-amg-gt3-4007486899148.html\">z<\/a>\u00a05,90 \u20ac<\/li>\n\n\n\n<li><a href=\"https:\/\/www.slotcar-union.com\/en\/slotdevil\/7167-slotdevil-20112005-carrera-cable-set-complete-0780509355152.html\" target=\"_blank\" rel=\"noreferrer noopener\">Slotdevil 20112005 Carrera k\u00e1belk\u00e9szlet kompletten<\/a>\u00a04,90 \u20ac<\/li>\n<\/ul>\n","protected":false},"excerpt":{"rendered":"<p>Kimagasl\u00f3 sz\u00ednvonal\u00fa versenytechnika \u00e9s l\u00e1tv\u00e1nyos diz\u00e1jn: A Mercedes AMG GT3 a Mercedes-Benz nagy teljes\u00edtm\u00e9ny\u0171 aut\u00f3t\u00edpus\u00e1nak&#8230;<\/p>\n","protected":false},"author":1,"featured_media":0,"parent":0,"menu_order":0,"comment_status":"closed","ping_status":"closed","template":"","meta":{"footnotes":""},"class_list":["post-1077","page","type-page","status-publish","hentry"],"_links":{"self":[{"href":"https:\/\/slotcar.hu\/index.php\/wp-json\/wp\/v2\/pages\/1077"}],"collection":[{"href":"https:\/\/slotcar.hu\/index.php\/wp-json\/wp\/v2\/pages"}],"about":[{"href":"https:\/\/slotcar.hu\/index.php\/wp-json\/wp\/v2\/types\/page"}],"author":[{"embeddable":true,"href":"https:\/\/slotcar.hu\/index.php\/wp-json\/wp\/v2\/users\/1"}],"replies":[{"embeddable":true,"href":"https:\/\/slotcar.hu\/index.php\/wp-json\/wp\/v2\/comments?post=1077"}],"version-history":[{"count":3,"href":"https:\/\/slotcar.hu\/index.php\/wp-json\/wp\/v2\/pages\/1077\/revisions"}],"predecessor-version":[{"id":1282,"href":"https:\/\/slotcar.hu\/index.php\/wp-json\/wp\/v2\/pages\/1077\/revisions\/1282"}],"wp:attachment":[{"href":"https:\/\/slotcar.hu\/index.php\/wp-json\/wp\/v2\/media?parent=1077"}],"curies":[{"name":"wp","href":"https:\/\/api.w.org\/{rel}","templated":true}]}}