{"id":1069,"date":"2023-10-30T16:39:07","date_gmt":"2023-10-30T16:39:07","guid":{"rendered":"https:\/\/slotcar.hu\/?page_id=1069"},"modified":"2023-11-22T19:18:06","modified_gmt":"2023-11-22T19:18:06","slug":"30871-bmw-m6-gt3","status":"publish","type":"page","link":"https:\/\/slotcar.hu\/index.php\/30871-bmw-m6-gt3\/","title":{"rendered":"30871 BMW M6 GT3"},"content":{"rendered":"\n<figure class=\"wp-block-image size-large\"><img loading=\"lazy\" decoding=\"async\" width=\"1024\" height=\"696\" src=\"https:\/\/slotcar.hu\/wp-content\/uploads\/2022\/12\/30871_BMW-M6-GT3-1024x696.jpg\" alt=\"\" class=\"wp-image-877\" srcset=\"https:\/\/slotcar.hu\/wp-content\/uploads\/2022\/12\/30871_BMW-M6-GT3-1024x696.jpg 1024w, https:\/\/slotcar.hu\/wp-content\/uploads\/2022\/12\/30871_BMW-M6-GT3-300x204.jpg 300w, https:\/\/slotcar.hu\/wp-content\/uploads\/2022\/12\/30871_BMW-M6-GT3-768x522.jpg 768w, https:\/\/slotcar.hu\/wp-content\/uploads\/2022\/12\/30871_BMW-M6-GT3.jpg 1052w\" sizes=\"(max-width: 1024px) 100vw, 1024px\" \/><\/figure>\n\n\n\n<p>Az osztr\u00e1k Eng \u00e9s a brit Blomqvist pil\u00f3tacsapata a BMW M6 GT3-mal indult a Rowe Racing sz\u00e1m\u00e1ra, \u00e9s megszerezte a m\u00e1sodik helyet a 6 \u00f3r\u00e1s ADAV Ruhr-Pokal versenyen.\u00a0<\/p>\n\n\n\n<p>Az 585 l\u00f3er\u0151s versenyaut\u00f3 csak a \u201egy\u0151zelmet\u201d ki\u00e1ltja, ak\u00e1r a vil\u00e1g val\u00f3di versenyp\u00e1ly\u00e1in.<\/p>\n\n\n\n<h3 class=\"wp-block-heading\">A CARRERA MODELL<\/h3>\n\n\n\n<ul class=\"wp-block-list\">\n<li>A Digital 132 aut\u00f3k digit\u00e1lisan vez\u00e9relhet\u0151k \u00e9s egyedileg k\u00f3dolhat\u00f3k.<\/li>\n\n\n\n<li>Minden Carrera Digital 132 aut\u00f3 haszn\u00e1lhat\u00f3 a Carrera Evolutionnal.<\/li>\n\n\n\n<li>Tampon nyomott, eredeti \u00e9s r\u00e9szletes aut\u00f3.<\/li>\n\n\n\n<li>Val\u00f3s\u00e1gh\u0171 gyors\u00edt\u00e1s \u00e9s f\u00e9kez\u00e9s.<\/li>\n\n\n\n<li>Els\u0151 l\u00e1mp\u00e1val (Xenon) \u00e9s h\u00e1ts\u00f3\/f\u00e9kl\u00e1mp\u00e1val szerelve.<\/li>\n\n\n\n<li>Pontos karossz\u00e9ria kidolgoz\u00e1s.<\/li>\n<\/ul>\n\n\n\n<h3 class=\"wp-block-heading\">AZ ALKATR\u00c9SZEK&nbsp;<em>LE\u00cdR\u00c1SA<\/em><\/h3>\n\n\n\n<ul class=\"wp-block-list\">\n<li><a href=\"https:\/\/www.slotcar-union.com\/en\/prs-slot\/21056-prs-32632-lexan-cockpit-for-bmw-m6-carrera.html\" target=\"_blank\" rel=\"noreferrer noopener\">PRS 32632 Lexan Cockpit BMW M6 Carrera<\/a>\u00a04,50 \u20ac<\/li>\n\n\n\n<li><a href=\"https:\/\/www.slotcar-union.com\/en\/pick-up-braids\/803-carrera-20366-guide-blade-double-sliding-contact-4007486203662.html\" target=\"_blank\" rel=\"noreferrer noopener\">Carrera 20366 vezet\u0151penge + dupla cs\u00fasz\u00f3\u00e9rintkez\u0151<\/a>\u00a09,50 \u20ac<\/li>\n\n\n\n<li><a href=\"https:\/\/www.slotcar-union.com\/en\/power-supplies-controllers\/830-carrera-digital-132-26732-digital-decoder-4007486267329.html\" target=\"_blank\" rel=\"noreferrer noopener\">Carrera DIGITAL 132 26732 Digit\u00e1lis dek\u00f3der<\/a>\u00a033,90 \u20ac<\/li>\n\n\n\n<li><a href=\"https:\/\/www.slotcar-union.com\/en\/pick-up-braids\/19890-carrera-89108-set-of-screws-10-pcs-4007486891081.html\" target=\"_blank\" rel=\"noreferrer noopener\">Carrera 89108 csavark\u00e9szlet (10 db)<\/a>\u00a03,90 \u20ac<\/li>\n\n\n\n<li><a href=\"https:\/\/www.slotcar-union.com\/en\/motors-cables\/1832-carrera-evolutiondigital-132-89200-motor-e200-standard-4007486892002.html\" target=\"_blank\" rel=\"noreferrer noopener\">Carrera Evolution\/Digital 132 89200 Motor E200 Standard<\/a>\u00a09,90 \u20ac<\/li>\n\n\n\n<li><a href=\"https:\/\/www.slotcar-union.com\/en\/tires\/4106-carrera-89800-tires-for-dtm-4007486898004.html\" target=\"_blank\" rel=\"noreferrer noopener\">Carrera 89800 gumiabroncsok DTM-hez<\/a>\u00a04,50 \u20ac<\/li>\n\n\n\n<li><a href=\"https:\/\/www.slotcar-union.com\/en\/axles\/14598-carrera-89947-front-and-rear-axle-for-bmw-m6-gt3-4007486899476.html\" target=\"_blank\" rel=\"noreferrer noopener\">Carrera 89947 Els\u0151 \u00e9s h\u00e1ts\u00f3 tengely BMW M6 GT3-hoz<\/a>\u00a05,90 \u20ac<\/li>\n\n\n\n<li><a href=\"https:\/\/www.slotcar-union.com\/en\/spare-parts\/19268-carrera-91003-spare-parts-for-bmw-m6-gt3-rowe-racing-no99-4007486910034.html\" target=\"_blank\" rel=\"noreferrer noopener\">Carrera 91003 Alkatr\u00e9szek BMW M6 GT3 &#8222;ROWE RACING, No.99<\/a><a href=\"https:\/\/www.slotcar-union.com\/en\/spare-parts\/19268-carrera-91003-spare-parts-for-bmw-m6-gt3-rowe-racing-no99-4007486910034.html\">&#8222;<\/a>\u00a05,50 \u20ac<\/li>\n<\/ul>\n\n\n\n<p><\/p>\n","protected":false},"excerpt":{"rendered":"<p>Az osztr\u00e1k Eng \u00e9s a brit Blomqvist pil\u00f3tacsapata a BMW M6 GT3-mal indult a Rowe&#8230;<\/p>\n","protected":false},"author":1,"featured_media":0,"parent":0,"menu_order":0,"comment_status":"closed","ping_status":"closed","template":"","meta":{"footnotes":""},"class_list":["post-1069","page","type-page","status-publish","hentry"],"_links":{"self":[{"href":"https:\/\/slotcar.hu\/index.php\/wp-json\/wp\/v2\/pages\/1069"}],"collection":[{"href":"https:\/\/slotcar.hu\/index.php\/wp-json\/wp\/v2\/pages"}],"about":[{"href":"https:\/\/slotcar.hu\/index.php\/wp-json\/wp\/v2\/types\/page"}],"author":[{"embeddable":true,"href":"https:\/\/slotcar.hu\/index.php\/wp-json\/wp\/v2\/users\/1"}],"replies":[{"embeddable":true,"href":"https:\/\/slotcar.hu\/index.php\/wp-json\/wp\/v2\/comments?post=1069"}],"version-history":[{"count":5,"href":"https:\/\/slotcar.hu\/index.php\/wp-json\/wp\/v2\/pages\/1069\/revisions"}],"predecessor-version":[{"id":1277,"href":"https:\/\/slotcar.hu\/index.php\/wp-json\/wp\/v2\/pages\/1069\/revisions\/1277"}],"wp:attachment":[{"href":"https:\/\/slotcar.hu\/index.php\/wp-json\/wp\/v2\/media?parent=1069"}],"curies":[{"name":"wp","href":"https:\/\/api.w.org\/{rel}","templated":true}]}}